s the value of 2 + (4 - -1) - (1 + 3)?
3
Evaluate 3 + 4 + 0 + -2 + -1.
4
Evaluate 6 - (11 - 13) - 10.
-2
Calculate 3 - ((4 - 6) + 1 - -5).
-1
0 - (4 - (0 - 1)) - -2
-3
8 + -7 + -2 - -4
3
Evaluate 5 - (1 + -8 - (-15 + -7)).
-10
What is 0 + 0 - (-4 - (11 - 11))?
4
What is the value of (-13 - -4) + -1 + 6?
-4
What is 4 + 0 - ((-4 - -3) + -2)?
7
Calculate -4 - 1 - -4 - -5.
4
0 + (-2 - 2 - (-1 - 2))
-1
Evaluate -6 - (-4 + 1 + 2).
-5
Evaluate 0 + (2 - (2 - (4 + -6))).
-2
What is 0 + -7 + (3 - -1)?
-3
-15 + 24 + -13 - (0 + 5)
-9
What is -3 + 2 + 2 + -5?
-4
(4 - (-16 + 6 - -3)) + -6
5
Calculate -26 + 13 + 0 + 17.
4
Calculate 9 + -3 + -11 + 4.
-1
Evaluate -11 + 8 + 1 + 7.
5
What is the value of 6 + -6 + 4 - 2?
2
What is 14 - ((-6 - -18) + 9)?
-7
What is -22 - (13 - 10 - 14)?
-11
What is the value of (47 - 47) + (0 - (1 + -1))?
0
-15 + 14 - (0 - -2)
-3
(-7 - 0) + (-25 - -24 - 0)
-8
-3 - (-10 - (-5 + -3))
-1
What is the value of 5 + 2 - (2 + (-3 - -3))?
5
What is -1 + -2 + (0 + -3 - -3)?
-3
Evaluate -8 - (-8 - -5) - -1.
-4
What is the value of 6 + -8 + 5 + 5 - 4?
4
What is the value of 1 - (10 - 9 - (0 - -1))?
1
-7 + (3 - (-4 - -3))
-3
Calculate (-5 - (-1 + 0)) + -422 + 419.
-7
Evaluate (-6 - (12 - 9)) + 4.
-5
What is the value of 1 + 23 + -17 + -1 + 0?
6
Evaluate 0 - (5 + -7) - -1.
3
2 + (-1 + 3 + -2 - -3)
5
What is (-4 - (17 - 2)) + 15?
-4
Calculate 7 + -13 + 6 - -2 - -3.
5
Evaluate 0 + 5 - (5 - 1).
1
Calculate (28 + -7 - 6) + -9.
6
-8 - (12 - (-2 + 11))
-11
What is 1 + 1 + 23 + -30 + 11?
6
Calculate -3 + (6 - (5 + -3 + 0)).
1
Evaluate 97 - 107 - (1 - 5).
-6
What is (1 - -4) + -34 + 23?
-6
Calculate -1 + -1 + 0 + -1 - 2.
-5
What is 2 - (0 - -5 - 6)?
3
What is 1 + -4 - (-3 - 4)?
4
What is 9 - (-5 - -5) - 9?
0
Calculate 15 - 0 - (-5 + (9 - -3)).
8
What is -2 + -4 + -3 + 16?
7
2 + 4 + -3 + 1
4
Evaluate -2 + (5 - 3) - (0 + 0).
0
What is the value of 2 + -12 + 8 + -2?
-4
0 + 6 - (29 - 30) - -2
9
What is the value of -8 - -6 - (7 + -10)?
1
Calculate 3 + (9 - 5) + -19 + 4.
-8
2 - (4 - 6 - 0)
4
What is the value of 1 - (-3 - -5) - -3?
2
Evaluate -4 + ((4 - 0) + 3 - 2).
1
-2 + 4 - (3 + -2)
1
Calculate -1 + 1 - 1 - (121 + -129).
7
(-2 - -5) + -1 + 3
5
What is 4 - (-8 + 4 + 7)?
1
Calculate (-5 + 4 - 3) + 2.
-2
Evaluate -6 - 0 - (-47 - -37).
4
Evaluate -3 - (-8 + 1 - -9).
-5
Evaluate 4 - 10 - (-6 + 5).
-5
What is the value of -2 + 1 + (6 + -2 - 5)?
-2
4 - 16 - (-3 + -5 - -1)
-5
Evaluate 0 + 2 + (1 - 1 - -5).
7
What is the value of (0 - -8) + (1 + -6 - -3)?
6
-2 + 3 + 0 - 4
-3
Evaluate 5 + 8 + -4 + -14.
-5
What is -15 - -3 - (-6 - 4)?
-2
What is (4 - 0) + (9 - 5 - 5)?
3
Calculate 5 - (-2 + 2 - -5).
0
Evaluate -6 + (-3 - (1 - 4)).
-6
Calculate 7 + -4 - (-2 + 7).
-2
-4 + 8 + -4 + 6
6
What is -5 - -2 - (-1 - 2)?
0
What is the value of -1 + (0 - (-4 - -3 - -4))?
-4
0 + -4 - -4 - (2 + -5)
3
What is 10 + -4 + (-4 - (1 + 1))?
0
Evaluate 8 + (4 + (3 - 13) - -6).
8
Evaluate (-7 - -11 - 15) + 6.
-5
Calculate -4 - (4 + -4) - -6.
2
What is 3 + -1 + (11 - 14) - -2?
1
3 + 3 - (-1 - 0 - -3)
4
Calculate -2 - ((-2 - -3) + -2).
-1
What is the value of -6 - (-3 + -3) - (-1 + -1)?
2
What is 1 + (2 - -1) - (-17 - -21)?
0
What is (1 - -2) + (-3 - -9) + -4?
5
Evaluate (2 + -10 - -4 - -4) + 0.
0
-8 - 0 - (-1 + -7)
0
What is the value of 1 - -1 - (-6 - -3)?
5
Calculate 0 + -1 + -32 + 26.
-7
What is the value of 4 + -4 + -2 + 6 + 0?
4
What is 3 - (-4 - (-11 - (0 - 2)))?
-2
(-3 - -9 - 3) + -2
1
What is -7 + 3 + -6 + 16?
6
1 + -3 - ((12 - 21) + 8)
-1
What is the value of 9 + -6 + 9 + -14?
-2
Calculate -4 - (-1 + 5 + -8) - -5.
5
What is -9 + (-1 - -6) - 0?
-4
0 - (-1 - -1 - -2)
-2
What is (4 - 12 - -21) + -6?
7
Evaluate 3 + -1 + -1 + (0 - 1).
0
What is -5 + -2 + 7 - 4?
-4
What is the value of (-1 - -5 - (69 + -68)) + 1?
4
What is (-6 - (-4 + 1)) + (-6 - 0)?
-9
-2 + -2 + 0 - -6
2
Calculate (253 - 252) + (1 - 1 - 10).
-9
What is -6 + 13 + 20 + -28?
-1
(-18 - -23) + -3 + -1 - 0
1
Evaluate 7 + -2 + (-12 - -1) + 5.
-1
Evaluate -6 + 5 - -3 - 2.
0
Evaluate 5 - 9 - 0 - 0.
-4
Calculate (7 - 6) + -3 - (0 + 1).
-3
-2 - -2 - (-6 + 3) - -1
4
Evaluate -1 - -4 - (0 + 2).
1
Evaluate -1 + (7 - 8) + 1.
-1
Calculate -6 + 12 + -4 - 7.
-5
Calculate 19 + (-12 - -5) + -4.
8
Evaluate 6 + (19 - 12) + -10 + -1.
2
What is the value of 4 - (-1 + 4 + -4) - -1?
6
What is the value of 4 - (-6 + (4 - -7))?
-1
What is the value of 0 - 1 - (-11 + 12)?
-2
What is -4 + (11 - 4 - -1)?
4
What is the value of 1 + 11 + (-14 - -7)?
5
What is -1 + 3 + (-8 - -2)?
-4
What is the value of (-2 - ((1 - -1) + -3)) + -2?
-3
What is -19 + 18 - (2 - 4)?
1
-1 + 0 + -1 + (-5 - -6)
-1
What is the value of -60 + 54 + (2 - (-1 - 1))?
-2
What is -5 + -2 + -9 + 9?
-7
Evaluate -4 + (0 - -4 - 4).
-4
Evaluate 4 - 6 - (2 + -4 + 2).
-2
-9 - (-5 + 0) - (1 - 9)
4
-19 + 13 + -3 + 13
4
What is 2 + (1 - (3 + -1)) + 2?
3
What is the value of (2 - -1) + (4 - 11)?
-4
-7 + 2 + (5 - (5 - 6))
1
What is the value of -2 - (0 + -4 - (-2 + 1))?
1
Calculate 7 + (51 - 54 - (9 - 1)).
-4
Evaluate -1 - (-3 - -2 - (1 + -4)).
-3
What is the value of 2 - (6 - (7 - -1))?
4
What is the value of 1 + (-1 - 1) + -5 + 4?
-2
1 - -3 - (2 - -3)
-1
-1 - -2 - (-3 + 3 - -5)
-4
17 + -12 - (4 + -2 + 0)
3
What is the value of -5 + (0 - -7) + (-10 - -1)?
-7
Evaluate -2 + (3 + (0 - 4) - 1).
-4
Calculate -2 - (7 + -2) - -10.
3
What is the value of (0 - 1) + (3 - 4) - 0?
-2
What is (6 + -4 - -1) + 2?
5
What is the value of (-1 - -3 - 3) + 0 + 0?
-1
Evaluate -1 - 0 - (3 + -6) - -2.
4
(4 - -4) + -11 - -8
5
What is the value of 1 + (-7 - (4 + -1 - 16))?
7
Calculate (-1 - (6 + -9)) + (0 - 2).
0
Calculate (-4 + 5 - 5) + 4.
0
Calculate -9 + (-2 - -6) + 4.
-1
Evaluate 2 + 4 - ((0 - 2) + 4).
4
Evaluate 2 + -1 + (0 - (3 - 3)).
1
What is the value of (-5 - -1) + 4 + 0?
0
Calculate 0 + -2 - -7 - (-1 - -3).
3
-10 + 12 - 6 - -5
1
Evaluate (2 + 4 - 0) + -4.
2
What is the value of 4 - 3 - 0 - 0?
1
Evaluate (1 - 6) + (-2 - (0 + -3)).
-4
Calculate 4 - ((0 - 8) + (10 - 5)).
7
6 + (2 - 3) - (8 - 8)
5
What is the value of (5 - 3 - 2) + -3?
-3
What is (13 + -7 + 1 - 8) + 2?
1
Evaluate (10 + 0 - 3) + (-19 - -2).
-10
What is (16 - (26 - 9)) + -1 + -1?
-3
-7 + -4 + 7 - -1
-3
Evaluate -3 - (-3 + 0 + 3).
-3
-3 + 3 + -3 + 1
-2
Calculate 6 - ((1 - -7) + (69 - 69)).
-2
Calculate 20 + (0 - 6) + 1 + -10.
5
What is -6 - (-27 - -8) - 14?
-1
-4 - (4 - (4 - -3))
-1
Calculate -11 + -5 + 17 + -2.
-1
Calculate 4 + -3 + (4 - 5).
0
What is 8 + -7 - (-4 - -2 - 2)?
5
Evaluate (0 - 2 - 3) + 0.
-5
What is the value of 6 + (6 - (8 - -4))?
0
-4 - 0 - (33 - 34) - -1
-2
Evaluate 22 + (-12 + 6 - 7).
9
What is the value of 7 + 6 + -4 + -13?
-4
5 - (3 + 4 - 3)
1
Calculate -5 - (8 + -19) - 10.
-4
What is the value of -70 + 68 - (0 + -5 + -1)?
4
Evaluate 0 - (1 - (8 + -3)).
4
What is (0 - -3) + (-2 - -12) + -7?
6
What is 3 + -5 + (5 - 1) + -3?
-1
Calculate (-2 - (-2 + 2)) + (4 - -2).
4
Evaluate (-37 - -30) + (1 - -4).
-2
Evaluate -12 + (11 - 6) + 4.
-3
Evaluate -8 - (7 - (-6 + 20)).
-1
22 + -13 + -18 + -2
-11
Evaluate 2 - (-2 - -3) - (9 - 8).
0
Calculate 3 + -4 + 0 + -1.
-2
Evaluate -9 + 1 + -45 + 49.
-4
What is 0 - (-3 - (1 - 4))?
0
Calculate -1 + (7 - -1) - (-5 + 4).
8
What is the value of 8 - (-5 - (-6 + -3 + 5))?
9
Calculate 5 + (-1 + 4 - -1 - 14).
-5
Calculate -4 + -1 + (0 - 1) + 3.
-3
What is -4 + -3 + 7 - 0?
0
What is the value of (-6 - -2) + 7 - (-1 - -1)?
3
What is -6 + (2 - -5) - -3?
4
What is the value of (0 - 6) + (30 - 25)?
-1
Calculate -20 + 15 + 6 - (-1 - -9).
-7
-2 + -1 + 2 + -20 + 25
4
What is the value of 7 + (-8 - -18 - 9)?
8
Evaluate (5 - 8 - 2) + (-8 - -6).
-7
What is the value of -10 - -9 - (0 + 1) - -1?
-1
What is the value of (-3 - (3 + -3)) + (-12 - -11)?
-4
What is the value of 0 + -1 + (-8 - (-16 - -7))?
0
Calculate (4 - -6) + -14 + (4 - -3).
3
Calculate (0 - 5) + 16 + (-8 - 2).
1
What is the value of -1 + -6 + (5 - -3) + -6?
-5
What is 9 + -2 - (-7 - (0 - 9))?
5
Evaluate 4 + -4 + (2 - 3).
-1
2 - (-5 - 1 - -7)
1
Evaluate 0 + 2 - (46 - 47).
3
Calculate (-3 - -2) + (-5 + 4 - 3).
-5
What is the value of 3 + -5 + 4 - (-3 + 7)?
-2
What is -6 - (-6 + 6 - 1)?
-5
Evaluate -6 + (-9 - -12) + 9.
6
What is the value of -3 - (-3 - (7 - 5))?
2
Calculate 5 - (3 - -1) - (1 + -5).
5
What is 11 - (29 + -14) - 3?
-7
Calculate 1 + -5 + 